et g(n) = n**3 - 12*n**2 + 11. Let m(h) = g(h) - 5*x(h). Give m(6).
0
Let n(o) = o**3 + 11*o**2 + 12*o - 2. Let g be (27/12)/(36/(-144)). What is n(g)?
52
Let j(t) = -t + 13. Let k be j(10). Suppose 0 = -k*l - 5*a - 16, l + 2*l + 2 = 2*a. Let v(h) = -6*h + 1. Calculate v(l).
13
Let r(v) = 28*v - 11. Let a be r(6). Let c(z) = -2 + 1 - a*z + 154*z. Let h(p) = -p - 2. Let y be h(-4). What is c(y)?
-7
Let h(r) = -2*r**3 + r + r**3 - 14*r**2 + 8 + 6*r**2. Let f be h(-8). Let w(z) = z - 5. Let a be w(f). Let t(m) = m + 4. What is t(a)?
-1
Suppose -58*g - 168 = 180. Let r(j) = 2*j + 15. Calculate r(g).
3
Let h(y) = -y**2 + 4*y + 5. Let z(r) = r**2 - 2*r - 4. Let b be z(3). Let x = -138 + 137. Let s be 5 + (b/x - 2). Calculate h(s).
5
Let q be 18/(-4)*(-4)/3. Suppose q = 3*z - 2*z. Suppose -5*n = -z*n. Let m(t) = t + 11. Calculate m(n).
11
Let l(n) be the third derivative of 0 - 3*n**2 - 1/24*n**4 - 1/2*n**3 + 0*n. Let t(a) = -a**2 + 6*a + 4. Let g be t(7). Determine l(g).
0
Let z = -25 - -54. Let u = 34 - z. Let k(h) = 2*h - 9. What is k(u)?
1
Let u be (-30)/(-8) - 4/(-16). Suppose u*s + 4 = -0*s. Let v(w) = 2*w - 2*w + w + 1 + 0*w. Determine v(s).
0
Suppose 50 = 17*n + 118. Let r(o) = -3*o**2 - 12*o + 5. What is r(n)?
5
Let f = -93 - -96. Let g be f - ((-4 - -4) + 8). Let i(n) = -3*n**2 + 3 - 2*n**2 + 1 - n - 1 - n**3. What is i(g)?
8
Let f be 32/(-20)*10/(-4). Let q(d) = -6 - d + f + 3 - 5. Give q(0).
-4
Let s(h) be the third derivative of h**6/60 + h**5/20 - h**4/8 + h**3/3 + 9*h**2 - 3*h. Calculate s(2).
24
Let h(n) = 23*n**2 - n. Suppose -4*k + y = 9, -4 = -k - 4*y + 3*y. Give h(k).
24
Let k(m) = m**2 + 28*m + 71. Suppose -4*f + 2*w = f + 115, f + 2*w + 35 = 0. Calculate k(f).
-4
Let i(h) = -h**3 + 4*h**2 - 2*h - 2. Suppose w + 5 = 7. Suppose -w*s = 5 - 9. Calculate i(s).
2
Let d(h) = h**3 - 6*h**2 + h + 1. Suppose -7*r + 215 = -12*r. Let c = -37 - r. What is d(c)?
7
Let z(h) = 4*h - 64. Let t = 210 + -194. Give z(t).
0
Let w be (-1911)/(-77) + 4/22. Suppose 0 = -4*o + 4, 3*o + w = -2*k + 6*k. Let g(s) = s**2 - 9*s - 6. Give g(k).
-20
Suppose 3*y - 4*y = -1. Let s(q) = -5 + 0 + 9 - y + q. Give s(4).
7
Let u be 9/1 + -2 + -2. Let p(l) = l**2 - 2 - l**2 + 5*l - l**2. Determine p(u).
-2
Let b = -758 - -760. Let o(c) = -2*c - 2. Let a be o(-4). Let s(k) = a*k - b*k + k - 1 + 5. Give s(-4).
-16
Let l be (((-4)/(-8))/((-6)/20))/(2/6). Let u(a) = -a**3 - a**2 - 3*a - 3. Let i(t) = -t**2 + t + 1. Let p(g) = 4*i(g) + u(g). Determine p(l).
-4
Let m(c) = c - c + 11 + 5 - 61 - 2*c. Determine m(-19).
-7
Let m(g) be the second derivative of 4*g**3/3 + g**2/2 - 86*g - 2. What is m(-3)?
-23
Let f(l) = -2*l**2 + 21*l - 5. Let g be f(10). Let s(z) = -3*z + 6. Give s(g).
-9
Let u(n) be the third derivative of -1/12*n**5 + 1/120*n**6 + 1/24*n**4 + 5*n**2 + 0 + 0*n - 1/3*n**3. Let d = -18 + 23. Determine u(d).
3
Let i be (-6 + 2)/(5/(45/(-12))). Let x(f) = -7 + 2*f**2 + 5*f**2 - f**i - 6*f + 0. Determine x(6).
-7
Let u(i) = 4*i**3 + i. Let d(x) be the third derivative of -x**6/120 + 2*x**5/15 - x**4/12 + 11*x**3/6 + x**2. Let q be d(8). Let b = -4 - q. Calculate u(b).
5
Let b(v) be the second derivative of 0 + 1/6*v**3 + 11/2*v**2 + 20*v. Determine b(0).
11
Let j(t) = 4*t - 3. Let v be j(2). Let o(b) = 4*b - 14. Calculate o(v).
6
Suppose -w + 4*z + 8 = 3*w, -5*z = -3*w + 2. Let q(k) = 5 + k**2 + 2*k - w*k - 5*k. Give q(4).
-7
Let f(v) = 40*v**2 - 2*v + 38 - 39 - 37*v**2. Calculate f(-1).
4
Suppose 2*z - 6 = 6. Let q be (1/(-3))/((-1)/z). Let r(k) = q*k - k**3 + 15*k**2 - 8*k**2 - 7*k**2 - 2*k**2. Determine r(-3).
3
Let s(f) = 4*f**2 + 6*f - 9*f**2 - 1 - 238*f**3 + 5 + 237*f**3. Let l(p) = -4*p + 2. Let h be l(2). Give s(h).
4
Let u(r) be the second derivative of r**4/12 + r**3/2 + r**2 - r - 2. Calculate u(-4).
6
Let c(z) = 3*z**3 + 31*z**2 + 12*z + 22. Let d be c(-10). Let m(g) = -3*g - g**2 + 5 - 3 - 1. Determine m(d).
-9
Let a(v) = v**2 - 2*v + 5. Let t(m) = m**2 - 2*m + 6. Let r(k) = 5*a(k) - 4*t(k). Let b = 501 - 499. Give r(b).
1
Let b(m) = 3 - 2 + 329*m + m**3 - 2 + 9*m**2 - 678*m + 338*m. Calculate b(-10).
9
Let c(a) = a**3 - 5*a**2 - 6*a + 3. Let y = -57 + 63. Give c(y).
3
Let j(x) = 4*x**2 - 4*x - 9. Let y be ((-4)/(-10))/(5/25). Let l(i) = 12*i**y + i + i - 14*i**2 + 6 - 1. Let h(w) = -3*j(w) - 5*l(w). Give h(-2).
-10
Let i(u) = 13*u + 8. Let h(a) = 7*a + 4. Let n(z) = -z**3 - 9*z**2 - 7*z + 19. Let s be n(-8). Let g(j) = s*h(j) - 6*i(j). Give g(-8).
4
Let p = 309 - 309. Let a(o) be the third derivative of 5*o**2 - 1/6*o**3 + 1/4*o**4 + p*o + 1/60*o**5 + 0. Determine a(-6).
-1
Let f be (-8)/(-10)*(210/12)/(-7). Let p(m) = -m - 1. Let l(d) = 2*d + 2. Let s(t) = -6*l(t) - 11*p(t). Determine s(f).
1
Suppose -3*m = 35 - 8. Let i(a) be the first derivative of a**4/4 + 8*a**3/3 - 4*a**2 - a + 4822. Calculate i(m).
-10
Let i(g) = -g + 17. Let y be i(13). Let s(l) = -5*l**2 - 4*l. Let m(j) = -14*j**2 - 10*j - 1. Let f(p) = -4*m(p) + 11*s(p). What is f(y)?
4
Let m(x) = x**3 - x**2 - 2. Suppose -2*z - 19 + 101 = -3*v, z = 3*v + 83. Let h = v + 28. What is m(h)?
-2
Let i(x) = -7*x**2 + 56*x - 11. Let z(v) = -v**2 + 7*v + 2. Let m(w) = i(w) - 6*z(w). Determine m(11).
10
Let m(q) be the second derivative of q**4/12 + 2*q**3/3 + q**2/2 - 715*q. What is m(4)?
33
Let q(b) = -6*b**2 - b**3 + 14*b**2 + 2 + 1 + 9*b. Determine q(9).
3
Let r(y) = -123 - 126 - 4*y**2 + y + 252 + y**3. Let a be (-27)/3*2/(-6). What is r(a)?
-3
Let o(s) be the third derivative of 0*s**3 + 0*s - 4*s**2 - 1/120*s**5 - 1/240*s**6 - 5/24*s**4 + 0. Let c(f) be the second derivative of o(f). Give c(1).
-4
Let v(g) = 4*g**3 - g**2 + 4*g - 4. Let m be v(1). Let w(b) = 8*b - 29. Calculate w(m).
-5
Let w = 104 - 105. Let y(v) be the first derivative of -5*v**4/4 - v**3/3 + 18. What is y(w)?
4
Let x be (-1)/(1/(-3) - 0). Let t(g) = -15 + 0*g**3 + 4 + 7*g**2 + 2*g**x - 10*g - g**3. What is t(-8)?
5
Let a(p) = 3 + 0 + 0 + p - 2 + 4. Let j = 4 + -14. Let m = j - -4. What is a(m)?
-1
Let h(l) be the second derivative of l**5/10 - l**4/4 - 5*l**3/6 + 2*l**2 - 834*l. Determine h(3).
16
Let k = 101 + -105. Let d(u) be the third derivative of u**4/24 + u**3 + 11*u**2 - 1. Give d(k).
2
Let v(x) = x**2 + 7*x - 8. Let w be (-2)/3 + 24/9. Suppose -3*g - 3*j + 22 = -j, -5*g + 38 = w*j. Let q = -16 + g. Determine v(q).
0
Let k(g) = 24470 + 4*g**2 - 24472 - 2*g + 3*g**2. Determine k(-1).
7
Let j(c) = -c**2 + 8*c - 5. Let d(b) = -b**2 - 9*b + 7. Let l(s) = 2*s**2 + 9*s - 8. Let m(v) = 4*d(v) + 3*l(v). Let n(k) = 3*j(k) + 2*m(k). Determine n(-5).
-12
Let r(n) = -n - 2. Let t(a) = -a**3 - 8*a**2 + 10*a + 3. Let x(j) = 5*r(j) + t(j). What is x(-8)?
-47
Let c(l) = -47 - l**3 + 23*l**2 + 98*l + 90*l - 186*l. Determine c(23).
-1
Let o(b) = 5*b**3 + 5*b**2 - 2. Let m(r) = -2*r**3 - r**2 + 1. Let x(t) = 3*m(t) + o(t). What is x(2)?
1
Let m(y) = -y**2 - 6*y + 3. Let p(n) = n**3 + 9*n**2 - n - 15. Let b be p(-9). Let h be ((-27)/b)/((-15)/20). Give m(h).
3
Let r(n) be the first derivative of -7*n**2/2 - 10*n - 126. Determine r(-4).
18
Let k(q) = 2*q**2 + 3*q + 1. Suppose -5*x - n + 6*n + 95 = 0, 2*n = 0. Let z = -21 + x. Determine k(z).
3
Let y(u) = 4*u**2 + 8*u - 7 - 11*u - u - 2*u**2. Give y(-3).
23
Let h(a) = -a - 6. Let v(q) = -4*q - 4. Let n(i) = -3*h(i) + v(i). Determine n(10).
4
Let t(x) = x - 2. Suppose -c - c + 22 = 0. Let f(b) be the first derivative of b**3/3 - 11*b**2/2 + 6*b + 68. Let n be f(c). Calculate t(n).
4
Let m(q) = q**3 + 4*q**2 - 4*q - 1. Let i be m(-4). Let r = 17 - i. Let d(l) = r - 3 + l + 4. What is d(-5)?
-2
Let g(v) = -v - 1. Let f be g(0). Let x(a) = -3*a + 1. Let b be x(f). Let q(n) be the third derivative of -n**5/60 + n**4/6 + 2*n**3/3 + 37*n**2. Give q(b).
4
Let u(a) be the second derivative of 0 - 1/6*a**3 - 12*a - 1/2*a**2. Give u(3).
-4
Let l(b) be the first derivative of b**7/840 - 7*b**6/360 + b**5/15 - b**4/8 + 16*b**3/3 + 15. Let c(z) be the third derivative of l(z). Calculate c(5).
-13
Let m(r) = -r**2 - 2*r + 3. Let y be 18/(-6)*(-2)/3. Suppose 0 = -y*b - 4*n - 28, -3 = -b + 2*n + 3. Give m(b).
-5
Let j(p) = p**2 + 7*p + 3. Let y be 30*(6 + -8 - -3*1). Suppose 6*o - 11*o - y = 0. Calculate j(o).
-3
Suppose -5*r - 128 = 4*t - 4*r, -5*t - 2*r - 163 = 0. Let w = t - -32. Let z(s) = 4*s**